s divided by 2736.
14
What is the remainder when 200686 is divided by 136?
86
Calculate the remainder when 763655 is divided by 442.
321
Calculate the remainder when 8534 is divided by 2719.
377
What is the remainder when 3121205 is divided by 3868?
3597
Calculate the remainder when 43371937 is divided by 4987.
4985
What is the remainder when 137474 is divided by 261?
188
Calculate the remainder when 2103684 is divided by 13.
11
What is the remainder when 1556247 is divided by 11441?
271
Calculate the remainder when 315036 is divided by 171.
54
Calculate the remainder when 472748 is divided by 78774.
104
Calculate the remainder when 8789241 is divided by 4394563.
115
What is the remainder when 120362 is divided by 5230?
72
Calculate the remainder when 198858 is divided by 1274.
114
Calculate the remainder when 2867727 is divided by 1123.
708
What is the remainder when 354023 is divided by 6396?
2243
Calculate the remainder when 1206744 is divided by 412.
408
Calculate the remainder when 203716 is divided by 7007.
513
Calculate the remainder when 603323 is divided by 125.
73
Calculate the remainder when 24901 is divided by 3130.
2991
Calculate the remainder when 379539 is divided by 1733.
12
Calculate the remainder when 21995 is divided by 21982.
13
What is the remainder when 6292471 is divided by 160?
151
Calculate the remainder when 8686 is divided by 1904.
1070
Calculate the remainder when 33803334 is divided by 11267728.
150
Calculate the remainder when 20335837 is divided by 2710.
2707
What is the remainder when 327235 is divided by 1695?
100
Calculate the remainder when 283825 is divided by 283825.
0
What is the remainder when 94425 is divided by 188?
49
What is the remainder when 432689534 is divided by 2072?
2062
What is the remainder when 272069 is divided by 2344?
165
What is the remainder when 89608494 is divided by 750?
744
Calculate the remainder when 185953 is divided by 46486.
9
What is the remainder when 154789 is divided by 3153?
292
Calculate the remainder when 21935 is divided by 611.
550
What is the remainder when 195010 is divided by 107?
56
Calculate the remainder when 300627 is divided by 900.
27
Calculate the remainder when 179743 is divided by 223.
5
What is the remainder when 24850975 is divided by 3260?
3255
Calculate the remainder when 422818 is divided by 156.
58
What is the remainder when 43098 is divided by 14350?
48
Calculate the remainder when 708621 is divided by 261.
6
What is the remainder when 123138073 is divided by 10?
3
Calculate the remainder when 1896050 is divided by 3386.
3276
What is the remainder when 3643687 is divided by 2245?
52
What is the remainder when 16733 is divided by 3057?
1448
Calculate the remainder when 1690030 is divided by 459.
451
What is the remainder when 22343 is divided by 8554?
5235
What is the remainder when 67277129 is divided by 633?
623
Calculate the remainder when 1088428 is divided by 120904.
292
Calculate the remainder when 3808165 is divided by 379.
352
What is the remainder when 9109857 is divided by 8578?
21
What is the remainder when 73136 is divided by 3276?
1064
Calculate the remainder when 238845 is divided by 1196.
841
What is the remainder when 247599 is divided by 76?
67
What is the remainder when 1726452 is divided by 119?
0
Calculate the remainder when 16616864 is divided by 98.
82
What is the remainder when 327099 is divided by 8602?
223
Calculate the remainder when 1995164 is divided by 48.
44
What is the remainder when 1161521 is divided by 6460?
5181
Calculate the remainder when 3556177 is divided by 408.
49
What is the remainder when 28446873 is divided by 51?
42
Calculate the remainder when 3066941 is divided by 61338.
41
Calculate the remainder when 15257683 is divided by 15490.
33
Calculate the remainder when 74577 is divided by 56.
41
Calculate the remainder when 5023011 is divided by 627851.
203
What is the remainder when 48287975 is divided by 1609598?
35
What is the remainder when 31480 is divided by 671?
614
Calculate the remainder when 1494745 is divided by 64944.
1033
What is the remainder when 9459605 is divided by 1670?
725
Calculate the remainder when 22639 is divided by 1018.
243
What is the remainder when 219739 is divided by 188?
155
Calculate the remainder when 70267 is divided by 7762.
409
What is the remainder when 622037 is divided by 103666?
41
Calculate the remainder when 6747187 is divided by 3373586.
15
What is the remainder when 464395738 is divided by 60?
58
Calculate the remainder when 1661467 is divided by 634.
387
Calculate the remainder when 1553955 is divided by 40.
35
What is the remainder when 31432 is divided by 6383?
5900
Calculate the remainder when 3810867 is divided by 1916.
1859
What is the remainder when 256572 is divided by 479?
307
Calculate the remainder when 36970 is divided by 36737.
233
Calculate the remainder when 644758 is divided by 513.
430
Calculate the remainder when 69610 is divided by 2661.
424
Calculate the remainder when 25564654 is divided by 8521551.
1
What is the remainder when 13485465 is divided by 1109?
25
Calculate the remainder when 159536774 is divided by 2461.
2449
Calculate the remainder when 1552058 is divided by 86221.
80
Calculate the remainder when 133691 is divided by 32.
27
What is the remainder when 48790509 is divided by 178?
175
Calculate the remainder when 3939905 is divided by 49.
11
Calculate the remainder when 46537181 is divided by 3106.
3089
Calculate the remainder when 693100 is divided by 149.
101
What is the remainder when 2129717 is divided by 1627?
1601
Calculate the remainder when 40382610 is divided by 71.
11
What is the remainder when 318805 is divided by 7414?
3
Calculate the remainder when 391949972 is divided by 84.
8
What is the remainder when 1636941 is divided by 1636940?
1
Calculate the remainder when 4894 is divided by 1588.
130
Calculate the remainder when 802927 is divided by 264974.
8005
What is the remainder when 6918948 is divided by 3909?
18
What is the remainder when 3722452 is divided by 1209?
1150
What is the remainder when 4597 is divided by 2693?
1904
What is the remainder when 3050439 is divided by 1312?
39
What is the remainder when 467025 is divided by 112?
97
What is the remainder when 148265 is divided by 37039?
109
What is the remainder when 297181979 is divided by 47?
39
Calculate the remainder when 105004511 is divided by 68.
67
What is the remainder when 1772591 is divided by 73852?
143
Calculate the remainder when 23204088 is divided by 260720.
8
What is the remainder when 1632108 is divided by 421?
312
What is the remainder when 45214 is divided by 283?
217
What is the remainder when 5333536 is divided by 213335?
161
Calculate the remainder when 55116 is divided by 1759.
587
Calculate the remainder when 555641 is divided by 1695.
1376
What is the remainder when 2547747 is divided by 489?
57
What is the remainder when 1219012 is divided by 453?
442
What is the remainder when 770294 is divided by 191?
182
What is the remainder when 472437 is divided by 29527?
5
What is the remainder when 28782 is divided by 28582?
200
What is the remainder when 497289 is divided by 30?
9
What is the remainder when 29434072 is divided by 354627?
31
Calculate the remainder when 5315994 is divided by 122.
88
What is the remainder when 561171 is divided by 62346?
57
What is the remainder when 394886 is divided by 680?
486
What is the remainder when 241642 is divided by 1046?
16
What is the remainder when 2129725 is divided by 338?
325
What is the remainder when 82180 is divided by 1231?
934
Calculate the remainder when 535775 is divided by 2601.
2570
What is the remainder when 1798860 is divided by 2869?
2866
What is the remainder when 28510 is divided by 192?
94
What is the remainder when 1473841 is divided by 619?
2
What is the remainder when 311668749 is divided by 74013?
6
What is the remainder when 80366 is divided by 1526?
1014
What is the remainder when 3238081 is divided by 417?
76
What is the remainder when 434830 is divided by 629?
191
Calculate the remainder when 8338775 is divided by 62.
23
Calculate the remainder when 814770 is divided by 647.
197
Calculate the remainder when 710364796 is divided by 1562.
1560
Calculate the remainder when 47